{"id":23997,"date":"2020-02-09T09:35:42","date_gmt":"2020-02-09T09:35:42","guid":{"rendered":"https:\/\/pilotex5.com\/?page_id=23997"},"modified":"2025-02-04T12:43:25","modified_gmt":"2025-02-04T12:43:25","slug":"categories","status":"publish","type":"page","link":"https:\/\/pilotex5.com\/?page_id=23997","title":{"rendered":"Cat\u00e9gories de contenu du site Web."},"content":{"rendered":"<p>Liste des pilotes et logiciels pour ordinateurs, imprimantes, scanners et autres p\u00e9riph\u00e9riques.<\/p>\n<p><img loading=\"lazy\" decoding=\"async\" class=\"alignnone size-full wp-image-46684\" src=\"https:\/\/pilotex5.com\/wp-content\/uploads\/2023\/02\/8009.png\" alt=\"Logiciels pour appareils informatiques\" width=\"450\" height=\"100\" srcset=\"https:\/\/pilotex5.com\/wp-content\/uploads\/2023\/02\/8009.png 450w, https:\/\/pilotex5.com\/wp-content\/uploads\/2023\/02\/8009-300x67.png 300w, https:\/\/pilotex5.com\/wp-content\/uploads\/2023\/02\/8009-260x58.png 260w, https:\/\/pilotex5.com\/wp-content\/uploads\/2023\/02\/8009-160x36.png 160w\" sizes=\"auto, (max-width: 450px) 100vw, 450px\" \/><\/p>\n<p>Rubriques th\u00e9matiques du site : <a href=\"https:\/\/pilotex5.com\/?cat=30\">A4Tech Pilote<\/a> \/ <a href=\"https:\/\/pilotex5.com\/?cat=17\">Acer Pilotes Laptop<\/a> \/ <a href=\"https:\/\/pilotex5.com\/?cat=51\">AOC Pilote de Moniteur<\/a> \/ <a href=\"https:\/\/pilotex5.com\/?cat=54\">ASUS Pilotes Laptop<\/a> \/ <a href=\"https:\/\/pilotex5.com\/?cat=38\">AVerMedia Pilote<\/a> \/ <a href=\"https:\/\/pilotex5.com\/?cat=32\">BenQ Pilote de Moniteur<\/a> \/ <a href=\"https:\/\/pilotex5.com\/?cat=56\">Brother Pilote Imprimante<\/a> \/ <a href=\"https:\/\/pilotex5.com\/?cat=6\">Canon Pilote pour imprimante et scanner<\/a> \/ <a href=\"https:\/\/pilotex5.com\/?cat=41\">Cougar Pilote<\/a> \/ <a href=\"https:\/\/pilotex5.com\/?cat=37\">DEXP Pilotes Laptop<\/a> \/ <a href=\"https:\/\/pilotex5.com\/?cat=40\">DNP Pilote Imprimante<\/a> \/ <a href=\"https:\/\/pilotex5.com\/?cat=11\">Epson Pilote Imprimante<\/a> \/ <a href=\"https:\/\/pilotex5.com\/?cat=3\">Fujitsu Pilote<\/a> \/ <a href=\"https:\/\/pilotex5.com\/?cat=35\">Genius Pilote<\/a> \/ <a href=\"https:\/\/pilotex5.com\/?cat=49\">HAVIT Pilote<\/a> \/ <a href=\"https:\/\/pilotex5.com\/?cat=9\">HP Pilote Imprimante<\/a> \/ <a href=\"https:\/\/pilotex5.com\/?cat=48\">HP Pilotes Laptop<\/a> \/ <a href=\"https:\/\/pilotex5.com\/?cat=62\" aria-current=\"page\">HyperX le logiciel<\/a> \/ <a href=\"https:\/\/pilotex5.com\/?cat=25\">Kyocera Pilote Imprimante<\/a> \/ <a href=\"https:\/\/pilotex5.com\/?cat=34\">Lenovo Pilotes Laptop<\/a> \/ <a href=\"https:\/\/pilotex5.com\/?cat=13\">Lexmark Pilote Imprimante<\/a> \/ <a href=\"https:\/\/pilotex5.com\/?cat=55\">Lite-ON (LITEON) Pilote<\/a> \/ <a href=\"https:\/\/pilotex5.com\/?cat=5\">Logitech Pilote<\/a> \/ <a href=\"https:\/\/pilotex5.com\/?cat=7\">Machenike Pilotes Laptop<\/a> \/ <a href=\"https:\/\/pilotex5.com\/?cat=53\">MEDION Pilotes Laptop<\/a> \/ <a href=\"https:\/\/pilotex5.com\/?cat=50\">Mionix Pilote<\/a> \/ <a href=\"https:\/\/pilotex5.com\/?cat=52\">Mitsubishi Pilote<\/a> \/ <a href=\"https:\/\/pilotex5.com\/?cat=18\">MSI Pilotes Laptop<\/a> \/ <a href=\"https:\/\/pilotex5.com\/?cat=39\">Mustek Pilote Scanner<\/a> \/ <a href=\"https:\/\/pilotex5.com\/?cat=22\">NVIDIA GeForce Pilote<\/a> \/ <a href=\"https:\/\/pilotex5.com\/?cat=23\">NVIDIA Quadro Pilote<\/a> \/ <a href=\"https:\/\/pilotex5.com\/?cat=28\">OKI Pilote Imprimante<\/a> \/ <a href=\"https:\/\/pilotex5.com\/?cat=26\">Panasonic Pilote<\/a> \/ <a href=\"https:\/\/pilotex5.com\/?cat=21\">Pantum Pilote Imprimante<\/a> \/ <a href=\"https:\/\/pilotex5.com\/?cat=27\">Razer Pilote<\/a> \/ <a href=\"https:\/\/pilotex5.com\/?cat=29\">Ricoh Pilote Imprimante<\/a> \/ <a href=\"https:\/\/pilotex5.com\/?cat=15\">Samsung Pilote Imprimante<\/a> \/ <a href=\"https:\/\/pilotex5.com\/?cat=16\">Samsung Pilotes Laptop<\/a> \/ <a href=\"https:\/\/pilotex5.com\/?cat=57\">SATO Pilote Imprimante<\/a> \/ <a href=\"https:\/\/pilotex5.com\/?cat=47\">SEYPOS Pilote<\/a> \/ <a href=\"https:\/\/pilotex5.com\/?cat=2\">Software<\/a> \/ <a href=\"https:\/\/pilotex5.com\/?cat=20\">Pilotes Laptop<\/a> \/ <a href=\"https:\/\/pilotex5.com\/?cat=42\">ThunderX3 Pilote<\/a> \/ <a href=\"https:\/\/pilotex5.com\/?cat=12\">TOSHIBA Pilote<\/a> \/ <a href=\"https:\/\/pilotex5.com\/?cat=10\">Universal Driver<\/a> \/ <a href=\"https:\/\/pilotex5.com\/?cat=24\">VIA Pilote<\/a> \/ <a href=\"https:\/\/pilotex5.com\/?cat=43\">Wacom Pilote<\/a> \/ <a href=\"https:\/\/pilotex5.com\/?cat=14\">Xerox Pilote Imprimante<\/a> \/ <a href=\"https:\/\/pilotex5.com\/?cat=46\">XP-Pen Pilote<\/a><\/p>\n<p>Liens vers des sections th\u00e9matiques avec des documents qui sont sur le site. Pour rechercher des informations sp\u00e9cifiques, vous pouvez \u00e9galement utiliser la barre de recherche sur le site (situ\u00e9e dans la partie sup\u00e9rieure droite de n&rsquo;importe quelle page).<\/p>\n<p><img loading=\"lazy\" decoding=\"async\" class=\"size-full wp-image-24028 alignleft\" src=\"https:\/\/pilotex5.com\/wp-content\/uploads\/2020\/02\/driver.jpg\" alt=\"driver\" width=\"60\" height=\"62\" \/><\/p>\n<p>Avant d\u2019utiliser une imprimante, un scanner, un moniteur ou un autre p\u00e9riph\u00e9rique informatique, vous devez installer le pilote, qui se trouve g\u00e9n\u00e9ralement sur le disque fourni avec ce p\u00e9riph\u00e9rique. S\u2019il n\u2019y a pas de disque ou qu\u2019il est perdu, vous pouvez t\u00e9l\u00e9charger le pilote n\u00e9cessaire sur le site. Sans pilote, le syst\u00e8me d\u2019exploitation ne peut pas d\u00e9tecter le p\u00e9riph\u00e9rique connect\u00e9.<\/p>\n<p>Un <a href=\"https:\/\/pilotex5.com\/wp-content\/uploads\/2020\/03\/Pilote-informatique.zip\">pilote informatique<\/a>, souvent abr\u00e9g\u00e9 en pilote, est un <a href=\"https:\/\/pilotex5.com\/wp-content\/uploads\/2020\/03\/Programme-informatique.zip\">programme informatique<\/a> destin\u00e9 \u00e0 permettre \u00e0 un autre programme (souvent un syst\u00e8me d&rsquo;exploitation) d&rsquo;interagir avec un p\u00e9riph\u00e9rique.<\/p>\n<p>Sur le site, vous pouvez t\u00e9l\u00e9charger des pilotes (logiciels) pour Windows 11, Windows 10 (64 bits \/ 32 bits), Windows 8 (64 bits \/ 32 bits), Windows 8.1 (64 bits \/ 32 bits), Windows 7 (64 bits \/ 32 bits), Windows Vista (64 bits \/ 32 bits), Windows XP (64 bits \/ 32 bits) Mac OS et autres syst\u00e8mes d\u2019exploitation.<\/p>\n<p>Nous esp\u00e9rons que notre site vous aidera \u00e0 r\u00e9soudre les probl\u00e8mes qui vous int\u00e9ressent.<\/p>\n<div class=\"social-share-buttons\"><a href=\"https:\/\/www.facebook.com\/sharer\/sharer.php?u=https:\/\/pilotex5.com\/?page_id=23997\" target=\"_blank\" rel=\"noopener\">Facebook<\/a><a href=\"https:\/\/twitter.com\/intent\/tweet?url=https:\/\/pilotex5.com\/?page_id=23997&text=Cat%C3%A9gories+de+contenu+du+site+Web.\" target=\"_blank\" rel=\"noopener\">Twitter<\/a><a href=\"https:\/\/www.linkedin.com\/shareArticle?url=https:\/\/pilotex5.com\/?page_id=23997&title=Cat%C3%A9gories+de+contenu+du+site+Web.\" target=\"_blank\" rel=\"noopener\">LinkedIn<\/a><a href=\"https:\/\/pinterest.com\/pin\/create\/button\/?url=https:\/\/pilotex5.com\/?page_id=23997&description=Cat%C3%A9gories+de+contenu+du+site+Web.\" target=\"_blank\" rel=\"noopener\">Pinterest<\/a><\/div>","protected":false},"excerpt":{"rendered":"<p>Liste des pilotes et logiciels pour ordinateurs, imprimantes, scanners et autres p\u00e9riph\u00e9riques. Rubriques th\u00e9matiques du site : A4Tech Pilote \/ Acer Pilotes Laptop \/ AOC Pilote de Moniteur \/ ASUS Pilotes Laptop \/ AVerMedia Pilote \/ BenQ Pilote de Moniteur&hellip;<\/p>\n<p class=\"more-link-p\"><a class=\"more-link\" href=\"https:\/\/pilotex5.com\/?page_id=23997\">Read more &rarr;<\/a><\/p>\n","protected":false},"author":1,"featured_media":0,"parent":0,"menu_order":0,"comment_status":"open","ping_status":"closed","template":"","meta":{"_lmt_disableupdate":"no","_lmt_disable":"","footnotes":""},"class_list":["post-23997","page","type-page","status-publish","hentry"],"_links":{"self":[{"href":"https:\/\/pilotex5.com\/index.php?rest_route=\/wp\/v2\/pages\/23997","targetHints":{"allow":["GET"]}}],"collection":[{"href":"https:\/\/pilotex5.com\/index.php?rest_route=\/wp\/v2\/pages"}],"about":[{"href":"https:\/\/pilotex5.com\/index.php?rest_route=\/wp\/v2\/types\/page"}],"author":[{"embeddable":true,"href":"https:\/\/pilotex5.com\/index.php?rest_route=\/wp\/v2\/users\/1"}],"replies":[{"embeddable":true,"href":"https:\/\/pilotex5.com\/index.php?rest_route=%2Fwp%2Fv2%2Fcomments&post=23997"}],"version-history":[{"count":0,"href":"https:\/\/pilotex5.com\/index.php?rest_route=\/wp\/v2\/pages\/23997\/revisions"}],"wp:attachment":[{"href":"https:\/\/pilotex5.com\/index.php?rest_route=%2Fwp%2Fv2%2Fmedia&parent=23997"}],"curies":[{"name":"wp","href":"https:\/\/api.w.org\/{rel}","templated":true}]}}